 + 5. Let g(b) = -1 - b - b**2 + 4*b + 0. Suppose 0*j - 4*j + 16 = 0. Let a be g(j). Calculate z(a).
0
Let g(w) be the second derivative of -w**4/12 - 2*w**3/3 + 2*w**2 + 2*w. Let o(c) = 2*c - 6. Let a be o(8). Suppose 4*h + a = 2*h. Calculate g(h).
-1
Let p(h) = -2*h**3 - 7*h**2 + 2*h + 2. Let s(u) = -5*u**3 - 15*u**2 + 5*u + 4. Let m(i) = -7*p(i) + 3*s(i). Determine m(4).
2
Let j(l) = -3*l**3 + 7*l**2 + 5. Let h(r) = r**3 - r**2 - r - 1. Let a(p) = -2*h(p) - j(p). Suppose -11 = -t - 6. Give a(t).
7
Let o(k) = -k - 3. Suppose -41*f = -45*f - 16. Give o(f).
1
Let w = 5 + -5. Suppose w = -3*r - b + 26, 6*b = -r + b + 32. Let i(n) = 0 - n**2 - r*n - 2 - 4. Determine i(-6).
0
Let o(i) = -6 - 2*i + 1 + 0*i + 4*i. Suppose 2*g - 12 = -0*g. Calculate o(g).
7
Let w(a) = -a**2 - a + 1. Let v(l) = -4*l**2 - 9*l + 1. Let n(s) = -v(s) + 3*w(s). Let b(u) = u + 1. Let j be b(-7). What is n(j)?
2
Let m(f) be the second derivative of -f**3/2 - 3*f**2/2 - 9*f. Calculate m(-2).
3
Let u(a) = -2*a**3 + 3*a**2 - 4*a + 2. Let y(x) = x**2 + 3*x - 2. Let p be y(-4). Give u(p).
-10
Let g(v) = v - 9. Let b be (-93)/(-7) - (4 + 104/(-28)). Give g(b).
4
Suppose r + 6 = 4*r. Suppose -5*m - r*a - 34 = 0, -m - 4*a = -3*m - 4. Let o(q) = -q - 10. Calculate o(m).
-4
Let s(b) be the third derivative of 7*b**2 + 4/3*b**3 + 0 + 0*b + 1/24*b**4. Calculate s(-5).
3
Let l(x) = x + 3. Let u(z) = z + 5. Let q(c) = -c**2 - 5*c - 3. Let o be q(-3). Let d(k) = o*u(k) - 5*l(k). Calculate d(2).
-4
Let u(b) = -2*b - 2*b + 6*b. Give u(-6).
-12
Let l(y) = -6*y + 66*y**2 - 124*y**2 + 57*y**2 - 8. What is l(-4)?
0
Let p(u) = 4*u**2 + 4*u + 2. Suppose 0 = -7*m - 2*m - 27. Determine p(m).
26
Suppose -3 = -2*v + 3*y, -3*y + 1 = -14. Let f(c) = c**3 - 8*c**2 - 8*c - 8. Let l be f(v). Let p(j) = -2*j**2 + j - 1. What is p(l)?
-2
Let f(i) = i**3 + 6*i**2 + 7*i + 5. Let m = 3 + -3. Let b be -4 - m/(3*-1). Give f(b).
9
Let h(a) = 4*a + 1. Let b(d) = -8*d**2 - 5*d - 2*d**3 + d**2 + d**3 + 7. Let i be b(-6). Determine h(i).
5
Let c(f) = 8*f - 23*f**2 + f**3 - 6 + 9*f**2 + 8*f**2. Determine c(5).
9
Let g be (0 + 4 + -3)*-6. Let r(i) = i + 6. What is r(g)?
0
Let c(f) = f**2 - f + 4. Let m be c(0). Let h(q) = -m*q + q + 9 + 4*q. Suppose -u = -2*s - 11, -4*s - u = -9*s - 23. Give h(s).
5
Let k(m) = -3*m**2 - 9*m + 13. Let u be (1 - -1)*(-66)/(-12). Let c(s) = s**2 + 5*s - 7. Let q(p) = u*c(p) + 6*k(p). What is q(-1)?
-7
Let u(i) = -i**2 - i - 1. Let t(a) = -2 + 8*a - a**2 - 3 - 3. Let m be t(7). Give u(m).
-1
Let d be (-15)/6*(-8)/10. Let k(c) = 1 - 5*c**3 - 4*c - 5*c**2 - 5 - d*c + 4*c**3. What is k(-4)?
4
Let f(o) be the third derivative of o**4/24 + 11*o**3/6 + 21*o**2. What is f(-6)?
5
Let f = 11 - 8. Let v(n) = -n**2 - 1. Let z(p) = 2*p**2 - p. Let h(g) = -4*v(g) - 3*z(g). What is h(f)?
-5
Let j = 35 + -40. Let s = -6 - j. Let g(p) = 10*p + 6. Let i(t) = 10*t + 5. Let u(o) = -4*g(o) + 5*i(o). Calculate u(s).
-9
Let d(l) = -l**3 + l + 1. Let w(a) = -3*a**3 + 2*a**2 + 6*a + 2. Let c(k) = 4*d(k) - w(k). What is c(-2)?
6
Let z(q) = -q**3 + 5*q**2 + 7*q - 6. Let v be (-102)/(-10) - (-3)/(-15). Let w(j) = -j**3 + 10*j**2 + 6. Let f be w(v). What is z(f)?
0
Let x(o) = -3*o**3 - 8*o**2 - 7*o - 5. Let v(t) = -4*t**3 - 12*t**2 - 11*t - 7. Let r(w) = -w + 1. Let a be r(-6). Let p(d) = a*x(d) - 5*v(d). Calculate p(5).
5
Let u(p) = -3*p**3 - 3*p**2 - 3*p + 7. Let h(l) = -l**3 + 1. Let s(n) = -4*h(n) + u(n). Suppose 0 = w, -4*i = -2*i + 5*w. Suppose -3*z + i = -12. What is s(z)?
7
Let p(z) = 5*z**2 - 5*z**2 - 2 + z**2 + 1. Determine p(0).
-1
Let r(u) = -6*u**2 + 5*u - 9. Let t(z) = 5*z**2 - 5*z + 8. Let i(g) = 6*r(g) + 7*t(g). Determine i(-5).
2
Let n(v) = -v - 5*v + v + 2*v - 1. Let f(m) = -m**3 + 2*m**2 + m. Let j be f(-1). Suppose -o - 3 = 0, -j*s - s - 2*o = -3. Determine n(s).
-10
Suppose -3*z + 2*n = 32, -z - 12 = -0*z - 2*n. Let i(x) = -x**3 - 9*x**2 + 9*x - 6. Determine i(z).
4
Let j(a) be the third derivative of -a**4/12 + a**3/6 - a**2. Let v be 9/(-1 - 2) - -12. Let u = -6 + v. Determine j(u).
-5
Suppose -4*c = -c - 12. Let u(v) = -3*v + 4. Calculate u(c).
-8
Let z = -2 - -7. Let g(y) = 1 + 1 + 2*y**3 - 6*y**2 - z*y + y**3 - 4*y**3. Determine g(-5).
2
Let n(s) = -5*s - 2. Let q(i) = -i**3 + i**2 + i - 2. Suppose -o = -6*o. Let b be q(o). Calculate n(b).
8
Let d(g) = 99*g**3 - 2 - 100*g**3 + 1 - 9*g - 7*g**2. Determine d(-6).
17
Let x(l) = l - 9. Let r(k) = 1. Let s(d) = 4*r(d) + x(d). Determine s(-4).
-9
Let a = -38 - -43. Let k(v) = -v**3 + 6*v**2 - 3*v + 3. Give k(a).
13
Let p(a) = a + 2. Suppose 5*c + 13 = -7. Determine p(c).
-2
Let l(f) = -f + 2. Let a be ((-240)/14)/(-3) - 12/(-42). Calculate l(a).
-4
Let c(z) = -1 - 69*z**2 - 4*z - 3*z + 65*z**2 + 8 + z**3. Suppose -5*x - 4*r = -0*r - 113, -2*x = -4*r - 62. Suppose k = 6*k - x. Give c(k).
-3
Let i(h) = -h**2 + 7*h - 2. Suppose 28 = -5*m + 113. Suppose a + 4 = 3*a - 4*f, -5*a + 3*f = -10. Suppose -m + a = -3*z. Give i(z).
8
Suppose -c + 5 = 4. Let b(l) = -9*l**2 - 2 + 2. Calculate b(c).
-9
Let v(s) = -9*s - 16. Let z(f) = -f - 2. Let t(j) = 6*v(j) - 51*z(j). Let w = 10 - 5. Give t(w).
-9
Let l(d) be the third derivative of 1/60*d**6 + 2*d**2 - 1/30*d**5 + 1/2*d**3 + 0*d + 0 - 1/12*d**4. What is l(2)?
7
Let a(q) = -4*q**2 - q - 13. Let x(z) = -3*z**2 + z**2 + 38 + 3*z**2 + 3*z + 10*z**2. Let b(n) = 8*a(n) + 3*x(n). What is b(0)?
10
Let b = -8 - -13. Suppose -5*p + 5 + b = 0. Let u(f) = -2 + 2*f + 3*f - f**p + 0*f. Give u(5).
-2
Let r(h) = -2*h - 2. Let t(g) = -g**3 - 3*g**2 - 3*g. Let a be t(-2). Suppose 3*s + 16 = -x, -x - s = a*x + 16. Determine r(x).
6
Let p(g) = -g**3 - 3*g**2 + 3*g - 2. Let a be p(-4). Let l(x) = 1 - a*x**2 + 3*x + 6*x**2 + x**3 + 0. What is l(-2)?
3
Let z(c) be the third derivative of -c**5/20 - 3*c**4/8 - c**3/6 - c**2. Let a(m) = 21 - 20 + 2*m + 3*m + 2*m**2. Let i(g) = 5*a(g) + 3*z(g). Give i(2).
2
Let i be 4/(-1) - -1 - -2. Let s(b) = 8*b**3 + 1. Calculate s(i).
-7
Let a = -8 - -16. Let l(r) = -r + 10. Calculate l(a).
2
Let q(z) = z - 3. Suppose 0*f - 2*f = -3*b + 13, -2*f = -b - 1. Determine q(b).
4
Let q(p) be the third derivative of -p**4/12 - p**3/6 + 6*p**2. Give q(-4).
7
Let j(t) = t**3 - 4*t**2 + 5*t - 4. Let v be 2 + 4 + 0 + 0. Let p(m) = -m**3 + 6*m**2 - m + 8. Let x be p(v). Let k be (-4 - x)*(-2)/4. Determine j(k).
2
Let d(c) be the third derivative of c**7/2520 - c**6/144 + 2*c**5/15 + 9*c**2. Let a(u) be the third derivative of d(u). Calculate a(6).
7
Let m = -5 + 9. Let d(s) be the third derivative of -2*s**2 + 0*s + 0 - 1/6*s**3 + 1/12*s**4. What is d(m)?
7
Suppose 24 = i - 3*i. Let f be (5/4)/(3/i). Let w(o) = 0*o**2 - o**3 + 0*o + 3*o + 7 - 5*o**2. Give w(f).
-8
Let p(g) = -2*g**2 + g - 2. Let y(t) = -t. Let s be y(-6). Let m = -4 + s. Calculate p(m).
-8
Let p(t) = t**2 + 8*t + 6. Let l be (5 - 8 - -2)/((-1)/(-6)). Calculate p(l).
-6
Let u(m) = -m + 5. Let o(a) = a**2 - 5 - a**3 + 10 + 0*a**3 + 8*a**2 - 8*a. Let k be o(8). What is u(k)?
0
Let m(g) = g**2 - 13*g + 15. Let h(x) = 11*x**3 + 2*x**2 - 1. Let c be h(1). Let f be m(c). Let d(w) = 2*w - 3. Determine d(f).
3
Let t(n) = n**3 - 7*n**2 + 4*n + 5. Let a = 29 + -23. Give t(a).
-7
Let s(t) = 3*t**3 - 4*t**2 - 3*t + 23. Let p(n) = 2*n**3 - 3*n**2 - 2*n + 15. Let b(g) = 8*p(g) - 5*s(g). Give b(4).
1
Let p(m) = m**3 + 5*m**2 + 3*m. Let z be p(-4). Let v be 20/12 + 2/6. Let y(q) = q**3 - 5*q**2 + q**v + q + 1 - 3. Calculate y(z).
2
Let r(m) = -2*m**2 - 3*m + 3. Let f be (-7)/21 - 8/3. What is r(f)?
-6
Let o(v) = -v - 8. Let g(k) = k + 1. Let t(x) = 7*x + 9. Let n(d) = -6*g(d) + t(d). Let w be n(-7). Give o(w).
-4
Let k(w) = w**2 + w + 3. Let c be k(0). Let b(a) be the second derivative of a + 0 + 1/2*a**2 + 0*a**c - 7/12*a**4. What is b(-1)?
-6
Let a be 20/(-3)*9/6. Let b be 1 + a - (2 - 2). Let f = b + 4. Let t(v) = -v**3 - 4*v**2 + 3*v - 4. What is t(f)?
6
Let l = 7 - 10. Let a(d) = -1. Let p(m) = m + 6. Let v(x) = -10*a(x) - 2*p(x). Calculate v(l).
4
Let q(o) = -o**3 - 4*o**2 - 2. Let r(i) = -4*i. Suppose -2 = -2*z - 0. Let d be r(z). Determine q(d).
-2
Let u(z) be the second derivative of -z**5/10 - z**4/12 + z**3/6 + 6*z. Determine u(1).
-2
Let t be (2/4)/((-5)/(-20)). Suppose -23 = t*w + 5*i, w + i + 3 = -1. Let k(n) = n. Calculate k(w).
1
Let i = 2